 (0 - -3))?
1
What is -3 + 5 + 2 - (0 + -3)?
7
What is the value of -4 + 0 - (5 + -1)?
-8
Calculate (51 - 48) + (1 - 1).
3
What is 3 + 1 + 3 + -4 + 0?
3
What is -4 + (5 - 10) + 7?
-2
13 - 10 - (0 + 1 + -2)
4
What is the value of 2 + 1 - (8 + -6)?
1
Evaluate (0 - (0 - 7)) + -13.
-6
What is 1 + (4 + 3 - 6)?
2
2 - 6 - (-15 + 16)
-5
Evaluate -11 + -9 + 12 - 0.
-8
What is 2 + (-16 - (-18 - -7))?
-3
Calculate 13 + -9 - (-4 + -3 + 4).
7
Evaluate -5 + (0 - -1) + 2.
-2
-11 + 7 + -4 - (-1 - 4)
-3
Calculate -2 + -3 - (-28 - -25).
-2
What is 0 + 3 + -5 + 5?
3
(-4 + 6 - 4) + -1 - -11
8
What is the value of 2 - (-5 + 14 + -1)?
-6
4 + 3 + (-2 - (-1 + 2))
4
-6 - (2 + 0 - 2 - 12)
6
What is the value of -22 + 26 - (0 + 0)?
4
What is (-3 - -3) + -1 - (10 + -12)?
1
Calculate 11 + -2 + -3 + 3 - 4.
5
What is the value of 0 - (-5 + 1 + 9)?
-5
What is the value of (4 - 1) + -3 - (15 - 23)?
8
What is the value of 0 - (-4 + -4 + 2 + 2)?
4
What is 5 + -3 - (2 + -3)?
3
What is -12 + 10 + -1 + 0?
-3
Calculate 2 + (-1 - ((-7 - -3) + 1)).
4
(4 - 9) + -5 + 4 - -9
3
Calculate (2 - (-9 - (-3 - 2))) + -3.
3
Calculate -3 - (-12 - (2 - 17)).
-6
Calculate 4 - ((2 - -11) + -1).
-8
Calculate -7 - -1 - (16 + 3 - 19).
-6
Evaluate -4 + (-6 - -3 - (1 + -4)).
-4
1 + (-2 + -17 - -10)
-8
-4 + 8 + -1 - (-2 - 0)
5
Calculate -1 - (-2 - (6 - (-2 - -7))).
2
Calculate 1 + (6 - (-3 + 5)) + -1.
4
Calculate (-4 - -8) + -4 + -4.
-4
Calculate -3 + 0 - -2 - (-1 + 0).
0
Evaluate 1 + -1 + (0 - -2) + 0.
2
What is the value of -6 + 9 + -3 - -8?
8
What is 8 - (-1 - -1) - 4?
4
What is 6 + -9 + (4 - 3)?
-2
Calculate -3 + 4 + (-9 - -3).
-5
What is the value of (-4 - 3) + 17 - 5?
5
What is (6 - 2) + -3 + 3?
4
Evaluate 6 + 2 + -3 + -1 - -1.
5
Calculate -4 - (0 - 9 - -13).
-8
What is the value of (-5 - (-9 - 5 - -7)) + -9?
-7
What is (5 - 5) + 4 + 2?
6
-4 + 4 + (-4 - 1) + 2
-3
What is -3 + 6 + -5 + (2 - -2)?
2
Calculate (-5 + 7 - 3) + 1.
0
-1 + (-3 - (2 + -5)) + -4
-5
What is (2 - (-6 - -3)) + 37 + -33?
9
(2 - (1 + 0)) + (121 - 129)
-7
(0 - 0) + 7 + -2 + -4
1
-1 + 4 + (-7 - -4)
0
What is the value of -2 + -2 + (-5 - -5)?
-4
Evaluate 4 - (-3 - (-1 - 3)) - 7.
-4
What is -2 + 14 + -11 - (-2 - 0)?
3
Evaluate (-2 - 0) + (32 - 36) + -3.
-9
What is (0 - 7) + -1 + 6 - -5?
3
What is the value of 2 + -5 - (13 - 15)?
-1
What is (1 - 9) + 3 + -19 + 15?
-9
Calculate 0 - (7 + (5 - 15)).
3
What is the value of 2 - -2 - (7 - 3) - -2?
2
Calculate -1 + (-8 + -5 - -6).
-8
What is -2 + -9 - (-6 + 1)?
-6
What is the value of -6 - (-6 + (-5 - -11) + -5)?
-1
-2 - -3 - (14 + -11)
-2
What is (10 - (-1 + (2 - -2))) + -2?
5
Evaluate 3 - (4 + 0 + 0 + -1).
0
(14 - 13) + 8 + -1
8
What is 14 + -4 - (5 + 3)?
2
Evaluate 6 + (-6 - (-3 - -1)).
2
What is the value of -17 + 14 - (0 + 1 + 1)?
-5
Evaluate 4 - (5 - (4 - (3 + 1))).
-1
-1 + -1 - (-4 + (-7 - -8))
1
Evaluate (6 + -5 - -3) + (-2 - -4).
6
What is the value of 10 + (-13 - (-9 + 5))?
1
What is 19 + -21 - (4 + -4)?
-2
Evaluate 24 + -18 + -13 + (3 - 0).
-4
What is the value of -8 + -4 + (-2 - -8)?
-6
Calculate -4 + -1 + -2 + 3 + -1.
-5
Evaluate 0 + -6 + -22 + 31.
3
-5 + (-2 - -4 - -1)
-2
Evaluate -9 + -7 + 20 + -9.
-5
What is 3 + 4 + (-10 - -3)?
0
What is the value of -2 - (-5 + -3 + 4)?
2
4 - (-3 - -2 - (-4 - 1))
0
Calculate (2 - 3) + (-2 - -8).
5
16 + -13 + -10 + (0 - 1)
-8
What is (-3 - 1) + (13 - 12)?
-3
Evaluate 5 + 0 - (204 + -201).
2
What is the value of -2 - ((3 - (1 - -3)) + 1)?
-2
-5 + (-14 - -9) - -13
3
What is -4 - (-3 - (1 - 1))?
-1
Evaluate 4 + 8 + -6 + -6.
0
What is the value of 2 + (-15 - (3 + -7)) + 4?
-5
-6 + 6 + -1 + -3
-4
Calculate (16 - (-7 - -16)) + -4.
3
Evaluate 0 + -2 - (4 + -1).
-5
What is the value of 0 + -2 - (-19 - -10 - -9)?
-2
What is the value of -6 + -2 + -12 + 14?
-6
Calculate 7 + 5 + -8 + 5.
9
Calculate 1 - (7 + -6 + -5).
5
What is -13 + 3 + (0 - -13)?
3
Evaluate 1 + 0 + 1 - (-1 + 4).
-1
(-1 - -1) + (0 - -3) + -1
2
Calculate 6 + -6 + -5 + 6.
1
Calculate 3 + (-3 + 1 - -2).
3
What is the value of -3 + 13 + -6 - -1?
5
-5 + (11 + -15 - -9)
0
Calculate 4 + 2 + -5 + -2.
-1
What is (-5 - -6) + (-5 - (-4 - 5))?
5
Calculate 0 - 1 - (1 + -5).
3
What is the value of 4 + -1 + (-3 - 4) + 3?
-1
What is -1 - (1 - (1 - 0))?
-1
-5 - (-9 + (-1 - -3))
2
2 + (1 + -2 - 2)
-1
What is -3 - (-2 - -2) - 1?
-4
Evaluate (-1 - 1) + 7 + -1.
4
What is -3 + 2 + 2 + -6?
-5
Calculate (2 - (8 + -1)) + (-2 - -1).
-6
What is the value of (-5 - (2 + -11)) + -6 + -3?
-5
-11 - (-22 + -12 + 24)
-1
Calculate -3 + 3 - (-2 - 1) - 3.
0
Calculate (-4 - ((6 - 9) + 4)) + 11.
6
6 + (8 - 4) + -5 + 2
7
What is 100 + -104 + (-1 - 1)?
-6
Evaluate (3 - -12) + 3 + -13.
5
What is the value of 0 + -2 - (84 + -85)?
-1
What is (5 - -2) + -14 - -6?
-1
What is the value of 0 - -3 - (13 - 6)?
-4
What is 0 + -3 - 0 - (8 + -14)?
3
What is the value of 4 + (-4 - (-1 - 6))?
7
What is the value of 0 - (2 - 1) - (1 - 5)?
3
Evaluate 4 + 2 + -8 + (0 - -5).
3
What is -6 - (-3 + -9 + 10)?
-4
(3 - 5) + 0 + 3
1
What is the value of (-9 - (1 + -4)) + 4?
-2
Evaluate (1 - 1 - -6) + -9.
-3
Calculate 1 + (6 - (5 - 1)).
3
What is 7 - (-5 + 3 - (7 + -11))?
5
What is 5 - (0 - (-7 - -2))?
0
-10 - (0 - (-7 - -13))
-4
What is -1 + (-2 - 7) + 8?
-2
What is -1 - (1 - (-1 - -2)) - 0?
-1
Evaluate 0 - (-1 + 0) - (1 - 0).
0
Evaluate 3 + -10 - -8 - 2.
-1
What is the value of (-1 - -6) + -2 + 0 + 2?
5
Calculate 0 + 6 + (-7 - (6 + -8)).
1
What is the value of 11 + -11 + (1 - -1) + 0?
2
1 - (-14 - -15 - (-2 + 0))
-2
(-2 - 8) + 4 - -2
-4
Calculate -2 + (-7 + 1 - (-2 + -1)).
-5
Evaluate 9 + (3 + -5 - 5) + 2.
4
(2 - (4 + 0)) + 3 + -3
-2
6 - (-11 + 16 + (-4 - -1))
4
Evaluate 0 + (1 - -4 - 6).
-1
What is (5 - 6 - 0) + (0 - -2)?
1
What is (-1 + -6 - -1) + -4 + 6?
-4
What is the value of 1 - (9 - 5 - 2)?
-1
What is the value of 8 + -11 + (4 - -6)?
7
What is the value of (5 - (0 + 5)) + -3 + 5?
2
0 + 1 + (-11 - -6)
-4
Evaluate -2 - (-10 + 4 - -1).
3
What is -9 + 0 + 8 + 5?
4
What is (-3 - -2) + 6 - 2?
3
What is 1 - (-10 + 3 - -11)?
-3
9 + (-1 + -7 - 0)
1
-6 + 3 + 1 + 0 + 2
0
What is the value of -1 + -6 + 11 - (-3 - -9)?
-2
What is the value of (4 - 0) + (9 + -3 - 8)?
2
Evaluate (2 - 6) + -33 + 38.
1
Evaluate (-2 - -7 - 10) + 8.
3
What is -2 + -3 + (13 - 10)?
-2
6 - (-14 - -9) - 5
6
What is 0 - 3 - (-14 + (10 - 0))?
1
Evaluate 1 + (-6 - (-9 + (-6 - -12))).
-2
What is -3 + 14 + (1 - (8 - 3))?
7
What is the value of 5 - 5 - (4 - (-1 - 2))?
-7
2 + -4 + -2 + 6 + -1
1
Calculate 2 + -1 + 25 + -20.
6
What is 0 + 2 + 2 + -6?
-2
What is the value of (7 + -8 - (1 - -2)) + 0?
-4
Evaluate -3 + 5 + 3 + (-6 - 2).
-3
3 + (-10 - (-5 - 4))
2
3 - (19 - 14 - (1 - -3))
2
What is the value of (5 - 2) + (-2 - -14) - 5?
10
(3 - 2) + -6 + -3 + 3
-5
What is (0 - 6) + 4 + (3 - 4)?
-3
Evaluate (-4 - -1) + 5 + -2.
0
What is (2 + -6 - -6) + -7 + 1?
-4
Calculate 6 + -13 - -2 - (-14 + 1).
8
Evaluate -4 - ((-4 - 7) + 4 - -4).
-1
What is the value of 1 - -2 - (23 + -25)?
5
Evaluate -7 + 8 - (-3 + 7).
-3
What is (-6 + 15 - 8) + (-5 - -2)?
-2
Evaluate -1 + -9 - (29 + -35).
-4
Evaluate 10 - ((0 - 2) + (21 - 14)).
5
What is -5 + 1 - (-10 + 16 - 16)?
6
What is the value of 11 + -1 + 1 + -7?
4
Calculate (4 + 4 - 5) + -7.
-4
Evaluate (3 + -1 - 2 - 3) + -3.
-6
What is the value of 6 + (12 + -5 + -3 - 6)?
4
2 - (-1 + -2) - (-9 + 15)
-1
(-7 - -11) + -6 + 5
3
Evaluate (-5 - -1) + (1 + -4 - -7).
0
Calculate 0 - ((-2 - (3 + -6)) + 2).
-3
What is the value of 0 + 1 + (6 - 19) + 6?
-6
Calculate -1 + 9 - 8 - (0 - -4).
-4
What is -20 + 26 + 0 + -8?
-2
What is the value of 3 - (5 + -5 - -1)?
2
Evaluate 3 - 2 - ((3 - 4) + -4).
6
Calculate 4 + 0 + -2 - (16 - 13).
-1
Calculate 0 - (15 + -9 - (-2 + 2)).
-6
(92 - 91) + (-2 - -1)
0
2 - (0 - 6) - 3
5
-7 + -3 + 5 - (23 + -31)
3
What is -3 - (-10 + (5 - -6 - 4))?
0
(-1 - (-5 - -2)) + (-4 - -4)
2
What is 5 + -3 + 0 + 0 + -4?
-2
Calculate -4 - (-2 + (2 - 6)).
2
What is (-9 - -2) + (-10 + 2 - -17)?
2
Evaluate -1 + -4 + 1 + 3.
-1
4 + (-4 - -8 - 5 - -3)
6
Evaluate 6 - (1 + -1) - 5.
1
Calculate -15 + 4 + 2 + 5.
-4
Evaluate -1 + 2 + -49 + 52.
4
What is the value of -1 + 12 - (9 + -2)?
4
What is (-2 - -1) + -21 + 18?
-4
What is 9 - (10 - (7 - -2))?
8
Evaluate 2 - (-15 + 21 - (2 - -4)).
2
Calculate -116 - -116 - (-4 + 0).
4
-6 + (-4 - -1 - -5)
-4
(1 - 1) + -3 + (-3 - -2)
-